{"id":1555,"date":"2019-08-15T11:39:27","date_gmt":"2019-08-15T14:39:27","guid":{"rendered":"http:\/\/mpc.ba.gov.br\/e\/?page_id=1555"},"modified":"2025-05-14T12:05:34","modified_gmt":"2025-05-14T15:05:34","slug":"resolucoes","status":"publish","type":"page","link":"https:\/\/mpc.ba.gov.br\/e\/atos-normativos\/resolucoes\/","title":{"rendered":"Resolu\u00e7\u00f5es"},"content":{"rendered":"\n<figure class=\"wp-block-table\"><table class=\"has-fixed-layout\"><thead><tr><th>RESOLU\u00c7\u00c3O<\/th><th>DATA DA PUBLICA\u00c7\u00c3O<\/th><th>EMENTA<\/th><th>VISUALIZAR<\/th><\/tr><\/thead><tbody><tr><td>n\u00b0 03<\/td><td>14\/08\/2019<\/td><td>Regulamenta, no \u00e2mbito do Minist\u00e9rio P\u00fablico de Contas do Estado da Bahia, com atua\u00e7\u00e3o junto ao Tribunal de Contas do Estado, a instaura\u00e7\u00e3o e tramita\u00e7\u00e3o do Procedimento Apurat\u00f3rio Preliminar \u2013 PAP.<\/td><td>&nbsp;<a href=\"http:\/\/mpc.ba.gov.br\/e\/wp-content\/uploads\/2019\/08\/Resolu\u00e7\u00e3o-03-2019-Regulamenta-o-Procedimento-Apurat\u00f3rio.pdf\" target=\"_blank\" rel=\"noopener\">Visualizar<\/a><\/td><\/tr><tr><td>n\u00b0 04<\/td><td>22\/10\/2019<\/td><td>Aprova o Regimento Interno do Col\u00e9gio de Procuradores de Contas e d\u00e1 outras provid\u00eancias.<\/td><td>&nbsp;<a href=\"http:\/\/mpc.ba.gov.br\/e\/wp-content\/uploads\/2020\/01\/Resolu\u00e7\u00e3o-do-CP-04-2019.pdf\" target=\"_blank\" rel=\"noopener\">Visualizar<\/a><\/td><\/tr><tr><td>n\u00b0 05<\/td><td>06\/12\/2019<\/td><td>Institui o Comit\u00ea de Gest\u00e3o Estrat\u00e9gica (CGE) do Minist\u00e9rio P\u00fablico de Contas do Estado da Bahia (MPC).<\/td><td>\n<p>&nbsp;<a href=\"http:\/\/mpc.ba.gov.br\/e\/wp-content\/uploads\/2020\/01\/Resolu\u00e7\u00e3o-do-CP-05-2019.pdf\" target=\"_blank\" rel=\"noopener\">Visualizar<\/a><\/p>\n<\/td><\/tr><tr><td>n\u00b0 12<\/td><td>11\/04\/2024<\/td><td>Disp\u00f5e sobre a distribui\u00e7\u00e3o de atribui\u00e7\u00f5es no \u00e2mbito do Minist\u00e9rio P\u00fablico junto ao Tribunal de Contas do Estado de&nbsp;Bahia, disciplina o exerc\u00edcio cumulativo de atribui\u00e7\u00f5es, e d\u00e1 outras provid\u00eancias.<\/td><td>\n<p>&nbsp;<a href=\"http:\/\/mpc.ba.gov.br\/e\/wp-content\/uploads\/2024\/04\/Publica\u00e7\u00e3o-Resolu\u00e7\u00e3o-n\u00ba-12.2024-CP-Cria\u00e7\u00e3o-dos-N\u00facleos-Tem\u00e1ticas-de-Atua\u00e7\u00e3o-e-Distribui\u00e7\u00e3o-de-Atribui\u00e7\u00f5es-10.04.2024.pdf\" target=\"_blank\" rel=\"noopener\">Visualizar<\/a><\/p>\n<p>&nbsp;<\/p>\n<p>&nbsp;<\/p>\n<\/td><\/tr><tr><td>n\u00ba 14<\/td><td>01\/04\/2025<\/td><td>Disp\u00f5e sobre as atribui\u00e7\u00f5es e o funcionamento<br>da Corregedoria de Contas, e d\u00e1 outras<br>provid\u00eancias.<\/td><td><a href=\"https:\/\/mpc.ba.gov.br\/e\/wp-content\/uploads\/2025\/05\/Publicacao-Resolucao-no-14.2024-CP-Disciplina-o-Funcionamento-da-Corregedoria-de-Contas-28.03.2025-2.pdf\">Visualizar<\/a><\/td><\/tr><\/tbody><\/table><\/figure>\n\n\n\n<div class=\"wp-block-columns is-layout-flex wp-container-core-columns-is-layout-9d6595d7 wp-block-columns-is-layout-flex\">\n<div class=\"wp-block-column is-layout-flow wp-block-column-is-layout-flow\" style=\"flex-basis:100%\"><\/div>\n<\/div>\n\n\n\n<p><\/p>\n\n\n\n<p><\/p>\n\n\n\n<p><\/p>\n","protected":false},"excerpt":{"rendered":"<p>RESOLU\u00c7\u00c3O DATA DA PUBLICA\u00c7\u00c3O EMENTA VISUALIZAR n\u00b0 03 14\/08\/2019 Regulamenta, no \u00e2mbito do Minist\u00e9rio P\u00fablico de Contas do Estado da Bahia, com atua\u00e7\u00e3o junto ao Tribunal de Contas do Estado, a instaura\u00e7\u00e3o e tramita\u00e7\u00e3o do Procedimento Apurat\u00f3rio Preliminar \u2013 PAP. &nbsp;Visualizar n\u00b0 04 22\/10\/2019 Aprova o Regimento Interno do Col\u00e9gio de Procuradores de Contas e [&hellip;]<\/p>\n","protected":false},"author":7,"featured_media":0,"parent":49,"menu_order":0,"comment_status":"closed","ping_status":"closed","template":"page-fullwidth.php","meta":{"footnotes":""},"class_list":["post-1555","page","type-page","status-publish","hentry"],"_links":{"self":[{"href":"https:\/\/mpc.ba.gov.br\/e\/wp-json\/wp\/v2\/pages\/1555","targetHints":{"allow":["GET"]}}],"collection":[{"href":"https:\/\/mpc.ba.gov.br\/e\/wp-json\/wp\/v2\/pages"}],"about":[{"href":"https:\/\/mpc.ba.gov.br\/e\/wp-json\/wp\/v2\/types\/page"}],"author":[{"embeddable":true,"href":"https:\/\/mpc.ba.gov.br\/e\/wp-json\/wp\/v2\/users\/7"}],"replies":[{"embeddable":true,"href":"https:\/\/mpc.ba.gov.br\/e\/wp-json\/wp\/v2\/comments?post=1555"}],"version-history":[{"count":8,"href":"https:\/\/mpc.ba.gov.br\/e\/wp-json\/wp\/v2\/pages\/1555\/revisions"}],"predecessor-version":[{"id":3226,"href":"https:\/\/mpc.ba.gov.br\/e\/wp-json\/wp\/v2\/pages\/1555\/revisions\/3226"}],"up":[{"embeddable":true,"href":"https:\/\/mpc.ba.gov.br\/e\/wp-json\/wp\/v2\/pages\/49"}],"wp:attachment":[{"href":"https:\/\/mpc.ba.gov.br\/e\/wp-json\/wp\/v2\/media?parent=1555"}],"curies":[{"name":"wp","href":"https:\/\/api.w.org\/{rel}","templated":true}]}}