{"id":1608,"date":"2019-08-19T15:07:28","date_gmt":"2019-08-19T18:07:28","guid":{"rendered":"http:\/\/mpc.ba.gov.br\/e\/?page_id=1608"},"modified":"2024-08-28T09:44:57","modified_gmt":"2024-08-28T12:44:57","slug":"enunciados","status":"publish","type":"page","link":"https:\/\/mpc.ba.gov.br\/e\/acoes-e-estudos\/enunciados\/","title":{"rendered":"Enunciados"},"content":{"rendered":"<table style=\"width: 100%;\" summary=\"Submitted table designs\">\n<thead>\n<tr>\n<th style=\"width: 10%;\" scope=\"col\">N\u00ba<\/th>\n<th style=\"width: 62%;\" scope=\"col\">ENUNCIADO<\/th>\n<th style=\"width: 17%;\" scope=\"col\">DATA DA PUBLICA\u00c7\u00c3O<\/th>\n<\/tr>\n<\/thead>\n<tbody>\n<tr>\n<td style=\"text-align: center; width: 10%;\">01\/2022<\/td>\n<td style=\"text-align: justify; width: 62%;\">N\u00e3o compete ao Tribunal de Contas processar e julgar, como recurso ou outra tipologia processual, requerimento formulado por servidor aposentado que objetive\u00a0a revis\u00e3o de ato de concess\u00e3o de aposentadoria j\u00e1 registrado, a fim de obter melhoria em sua situa\u00e7\u00e3o jur\u00eddico-previdenci\u00e1ria, tendo em vista o disposto no art. 71, inciso III, da Constitui\u00e7\u00e3o Federal c\/c art. 1\u00ba, \u00a71\u00ba, parte final, da Lei Complementar Estadual n\u00ba 005\/1991. Eventual postula\u00e7\u00e3o com este prop\u00f3sito deve ser dirigida diretamente \u00e0 Administra\u00e7\u00e3o, sendo que, na hip\u00f3tese de seu acolhimento, com consequente revis\u00e3o do ato de aposentadoria, o ato administrativo retificador deve ser submetido a novo registro perante o Tribunal de Contas, como condi\u00e7\u00e3o para o seu aperfei\u00e7oamento e produ\u00e7\u00e3o de efeitos jur\u00eddicos, nos termos do enunciado n\u00ba 06 da S\u00famula do Supremo Tribunal Federal.<\/td>\n<td style=\"text-align: center; width: 17%;\"><a href=\"http:\/\/mpc.ba.gov.br\/e\/wp-content\/uploads\/2024\/08\/diario_001987_20220914_0000_normal.pdf\" target=\"_blank\" rel=\"noopener\">14\/09\/2022<\/a><\/td>\n<\/tr>\n<tr>\n<td style=\"text-align: center; width: 10%;\">02\/2022<\/td>\n<td style=\"text-align: justify; width: 62%;\">Apesar da aus\u00eancia de previs\u00e3o legal expressa, \u00e9 poss\u00edvel, em situa\u00e7\u00f5es excepcionais, com fundamento no princ\u00edpio da razoabilidade (devido processo legal\u00a0substancial), que o Tribunal de Contas promova a imputa\u00e7\u00e3o de d\u00e9bito no valor correspondente ao dano ao er\u00e1rio identificado, deixando, no entanto, de desaprovar as contas do gestor respons\u00e1vel, desde que presentes, cumulativamente, os seguintes requisitos: (i) o d\u00e9bito apurado for considerado insignificante, tanto em termos absolutos, quanto em rela\u00e7\u00e3o ao volume dos recursos geridos; (ii) n\u00e3o houver ind\u00edcios de m\u00e1-f\u00e9 ou locupletamento por parte do gestor respons\u00e1vel e (iii) n\u00e3o for detectada, durante a gest\u00e3o, a pr\u00e1tica de outras irregularidades capazes de, numa an\u00e1lise global, justificar a emiss\u00e3o de um ju\u00edzo reprovativo das contas.<\/td>\n<td style=\"text-align: center; width: 17%;\"><a href=\"http:\/\/mpc.ba.gov.br\/e\/wp-content\/uploads\/2024\/08\/diario_001987_20220914_0000_normal.pdf\" target=\"_blank\" rel=\"noopener\">14\/09\/2022<\/a><\/td>\n<\/tr>\n<\/tbody>\n<\/table>\n","protected":false},"excerpt":{"rendered":"<p>N\u00ba ENUNCIADO DATA DA PUBLICA\u00c7\u00c3O 01\/2022 N\u00e3o compete ao Tribunal de Contas processar e julgar, como recurso ou outra tipologia processual, requerimento formulado por servidor aposentado que objetive\u00a0a revis\u00e3o de ato de concess\u00e3o de aposentadoria j\u00e1 registrado, a fim de obter melhoria em sua situa\u00e7\u00e3o jur\u00eddico-previdenci\u00e1ria, tendo em vista o disposto no art. 71, inciso [&hellip;]<\/p>\n","protected":false},"author":7,"featured_media":0,"parent":357,"menu_order":0,"comment_status":"closed","ping_status":"closed","template":"page-fullwidth.php","meta":{"footnotes":""},"class_list":["post-1608","page","type-page","status-publish","hentry"],"_links":{"self":[{"href":"https:\/\/mpc.ba.gov.br\/e\/wp-json\/wp\/v2\/pages\/1608","targetHints":{"allow":["GET"]}}],"collection":[{"href":"https:\/\/mpc.ba.gov.br\/e\/wp-json\/wp\/v2\/pages"}],"about":[{"href":"https:\/\/mpc.ba.gov.br\/e\/wp-json\/wp\/v2\/types\/page"}],"author":[{"embeddable":true,"href":"https:\/\/mpc.ba.gov.br\/e\/wp-json\/wp\/v2\/users\/7"}],"replies":[{"embeddable":true,"href":"https:\/\/mpc.ba.gov.br\/e\/wp-json\/wp\/v2\/comments?post=1608"}],"version-history":[{"count":5,"href":"https:\/\/mpc.ba.gov.br\/e\/wp-json\/wp\/v2\/pages\/1608\/revisions"}],"predecessor-version":[{"id":2847,"href":"https:\/\/mpc.ba.gov.br\/e\/wp-json\/wp\/v2\/pages\/1608\/revisions\/2847"}],"up":[{"embeddable":true,"href":"https:\/\/mpc.ba.gov.br\/e\/wp-json\/wp\/v2\/pages\/357"}],"wp:attachment":[{"href":"https:\/\/mpc.ba.gov.br\/e\/wp-json\/wp\/v2\/media?parent=1608"}],"curies":[{"name":"wp","href":"https:\/\/api.w.org\/{rel}","templated":true}]}}