{"id":349,"date":"2014-09-10T14:25:07","date_gmt":"2014-09-10T17:25:07","guid":{"rendered":"http:\/\/mpc.to.gov.br\/?page_id=349"},"modified":"2024-02-27T14:51:12","modified_gmt":"2024-02-27T17:51:12","slug":"portarias","status":"publish","type":"page","link":"https:\/\/mpc.ba.gov.br\/e\/atos-normativos\/portarias\/","title":{"rendered":"Portarias"},"content":{"rendered":"<table style=\"width: 100%;\" summary=\"Submitted table designs\">\n<thead>\n<tr>\n<th scope=\"col\" width=\"90\">N\u00daMERO<\/th>\n<th scope=\"col\" width=\"90\">DATA DA PUBLICA\u00c7\u00c3O<\/th>\n<th scope=\"col\" width=\"90\">EMENTA<\/th>\n<th scope=\"col\" width=\"10%\">VISUALIZAR<\/th>\n<\/tr>\n<\/thead>\n<tbody>\n<tr>\n<td style=\"text-align: center;\">08<\/td>\n<td style=\"text-align: center;\">30\/12\/2014<\/td>\n<td style=\"text-align: center;\">Disp\u00f5e sobre a altera\u00e7\u00e3o da logomarca oficial do Minist\u00e9rio P\u00fablico de Contas do Estado da Bahia.<\/td>\n<td style=\"text-align: center;\"><a href=\"http:\/\/mpc.ba.gov.br\/e\/wp-content\/uploads\/2020\/01\/Portaria-MPC-BA-N.-08-14.pdf\" target=\"_blank\" rel=\"noopener\">Visualizar<\/a><\/td>\n<\/tr>\n<tr>\n<td style=\"text-align: center;\">\u00a021<\/td>\n<td style=\"text-align: center;\">12\/03\/2019<\/td>\n<td style=\"text-align: center;\">Define a titularidade das Procuradorias de Contas, em conformidade com o art. 2\u00ba, \u00a7\u00a7 1\u00ba e 2\u00ba, da Portaria MPC-BA n\u00ba 03, de 30 de outubro de 2012.<\/td>\n<td style=\"text-align: center;\"><a href=\"http:\/\/mpc.ba.gov.br\/e\/wp-content\/uploads\/2020\/01\/PORTARIA-n-21.2019.pdf\" target=\"_blank\" rel=\"noopener\">Visualizar<\/a><\/td>\n<\/tr>\n<tr>\n<td style=\"text-align: center;\">22<\/td>\n<td style=\"text-align: center;\">25\/04\/2019<\/td>\n<td style=\"text-align: center;\">Institui e regulamenta o Col\u00e9gio de Procuradores do Minist\u00e9rio P\u00fablico de Contas do Estado da Bahia.<\/td>\n<td style=\"text-align: center;\"><a href=\"http:\/\/mpc.ba.gov.br\/e\/wp-content\/uploads\/2020\/01\/Portaria-MPC-BA-N.-22.2019.pdf\" target=\"_blank\" rel=\"noopener\">Visualizar<\/a><\/td>\n<\/tr>\n<tr>\n<td style=\"text-align: center;\">24<\/td>\n<td style=\"text-align: center;\">04\/04\/2023<\/td>\n<td style=\"text-align: center;\">Define a titularidade das Procuradorias de Contas, em\u00a0conformidade com o art. 2\u00ba, \u00a7\u00a7 1\u00ba e 2\u00ba, da Portaria MPC-BA n\u00ba 03, de 30 de outubro de 2012.<\/td>\n<td style=\"text-align: center;\"><a href=\"http:\/\/mpc.ba.gov.br\/e\/wp-content\/uploads\/2024\/02\/Portaria-MPC-BA-n-24.2023-diario_002118_20230404.pdf\" target=\"_blank\" rel=\"noopener\">Visualizar<\/a><\/td>\n<\/tr>\n<\/tbody>\n<\/table>\n","protected":false},"excerpt":{"rendered":"<p>N\u00daMERO DATA DA PUBLICA\u00c7\u00c3O EMENTA VISUALIZAR 08 30\/12\/2014 Disp\u00f5e sobre a altera\u00e7\u00e3o da logomarca oficial do Minist\u00e9rio P\u00fablico de Contas do Estado da Bahia. Visualizar \u00a021 12\/03\/2019 Define a titularidade das Procuradorias de Contas, em conformidade com o art. 2\u00ba, \u00a7\u00a7 1\u00ba e 2\u00ba, da Portaria MPC-BA n\u00ba 03, de 30 de outubro de 2012. [&hellip;]<\/p>\n","protected":false},"author":2,"featured_media":0,"parent":49,"menu_order":0,"comment_status":"open","ping_status":"closed","template":"page-fullwidth.php","meta":{"footnotes":""},"class_list":["post-349","page","type-page","status-publish","hentry"],"_links":{"self":[{"href":"https:\/\/mpc.ba.gov.br\/e\/wp-json\/wp\/v2\/pages\/349","targetHints":{"allow":["GET"]}}],"collection":[{"href":"https:\/\/mpc.ba.gov.br\/e\/wp-json\/wp\/v2\/pages"}],"about":[{"href":"https:\/\/mpc.ba.gov.br\/e\/wp-json\/wp\/v2\/types\/page"}],"author":[{"embeddable":true,"href":"https:\/\/mpc.ba.gov.br\/e\/wp-json\/wp\/v2\/users\/2"}],"replies":[{"embeddable":true,"href":"https:\/\/mpc.ba.gov.br\/e\/wp-json\/wp\/v2\/comments?post=349"}],"version-history":[{"count":13,"href":"https:\/\/mpc.ba.gov.br\/e\/wp-json\/wp\/v2\/pages\/349\/revisions"}],"predecessor-version":[{"id":1690,"href":"https:\/\/mpc.ba.gov.br\/e\/wp-json\/wp\/v2\/pages\/349\/revisions\/1690"}],"up":[{"embeddable":true,"href":"https:\/\/mpc.ba.gov.br\/e\/wp-json\/wp\/v2\/pages\/49"}],"wp:attachment":[{"href":"https:\/\/mpc.ba.gov.br\/e\/wp-json\/wp\/v2\/media?parent=349"}],"curies":[{"name":"wp","href":"https:\/\/api.w.org\/{rel}","templated":true}]}}