{"id":37,"date":"2014-09-04T09:39:23","date_gmt":"2014-09-04T12:39:23","guid":{"rendered":"http:\/\/itan.org.br\/mpcto\/?page_id=37"},"modified":"2025-05-14T09:21:49","modified_gmt":"2025-05-14T12:21:49","slug":"missao","status":"publish","type":"page","link":"https:\/\/mpc.ba.gov.br\/e\/institucional\/missao\/","title":{"rendered":"Identidade Organizacional"},"content":{"rendered":"\n<p><strong>Plano Estrat\u00e9gico \u2013 Quadri\u00eanio 2025-2028<\/strong><\/p>\n\n\n\n<p><strong>Miss\u00e3o<\/strong><\/p>\n\n\n\n<p>Contribuir tecnicamente, no exerc\u00edcio do controle externo, para a adequada aplica\u00e7\u00e3o dos recursos p\u00fablicos estaduais em benef\u00edcio da sociedade.<\/p>\n\n\n\n<p><strong>Valores<\/strong><\/p>\n\n\n\n<p>Atuamos com <strong>independ\u00eancia<\/strong><\/p>\n\n\n\n<p><strong>\u00c9tica, integridade e comprometimento<\/strong> norteiam as nossas condutas<\/p>\n\n\n\n<p>Prezamos pela <strong>transpar\u00eancia<\/strong> no ambiente interno e externo<\/p>\n\n\n\n<p>Temos <strong>compromisso<\/strong> com a qualidade e o impacto das nossas atividades<\/p>\n\n\n\n<p><strong>Especializa\u00e7\u00e3o t\u00e9cnica<\/strong> nos define e nos impulsiona<\/p>\n\n\n\n<p>Cultivamos <strong>harmonia, integra\u00e7\u00e3o, respeito e colabora\u00e7\u00e3o<\/strong> na equipe<\/p>\n\n\n\n<p>O <strong>alinhamento institucional<\/strong> \u00e9 uma das nossas diretrizes<\/p>\n\n\n\n<p><strong>Vis\u00e3o<\/strong><\/p>\n\n\n\n<p>Tornar mais efetiva a atua\u00e7\u00e3o do MPC<\/p>\n","protected":false},"excerpt":{"rendered":"<p>Plano Estrat\u00e9gico \u2013 Quadri\u00eanio 2025-2028 Miss\u00e3o Contribuir tecnicamente, no exerc\u00edcio do controle externo, para a adequada aplica\u00e7\u00e3o dos recursos p\u00fablicos estaduais em benef\u00edcio da sociedade. Valores Atuamos com independ\u00eancia \u00c9tica, integridade e comprometimento norteiam as nossas condutas Prezamos pela transpar\u00eancia no ambiente interno e externo Temos compromisso com a qualidade e o impacto das nossas [&hellip;]<\/p>\n","protected":false},"author":2,"featured_media":0,"parent":449,"menu_order":0,"comment_status":"open","ping_status":"closed","template":"page-fullwidth.php","meta":{"footnotes":""},"class_list":["post-37","page","type-page","status-publish","hentry"],"_links":{"self":[{"href":"https:\/\/mpc.ba.gov.br\/e\/wp-json\/wp\/v2\/pages\/37","targetHints":{"allow":["GET"]}}],"collection":[{"href":"https:\/\/mpc.ba.gov.br\/e\/wp-json\/wp\/v2\/pages"}],"about":[{"href":"https:\/\/mpc.ba.gov.br\/e\/wp-json\/wp\/v2\/types\/page"}],"author":[{"embeddable":true,"href":"https:\/\/mpc.ba.gov.br\/e\/wp-json\/wp\/v2\/users\/2"}],"replies":[{"embeddable":true,"href":"https:\/\/mpc.ba.gov.br\/e\/wp-json\/wp\/v2\/comments?post=37"}],"version-history":[{"count":5,"href":"https:\/\/mpc.ba.gov.br\/e\/wp-json\/wp\/v2\/pages\/37\/revisions"}],"predecessor-version":[{"id":3206,"href":"https:\/\/mpc.ba.gov.br\/e\/wp-json\/wp\/v2\/pages\/37\/revisions\/3206"}],"up":[{"embeddable":true,"href":"https:\/\/mpc.ba.gov.br\/e\/wp-json\/wp\/v2\/pages\/449"}],"wp:attachment":[{"href":"https:\/\/mpc.ba.gov.br\/e\/wp-json\/wp\/v2\/media?parent=37"}],"curies":[{"name":"wp","href":"https:\/\/api.w.org\/{rel}","templated":true}]}}