{"id":449,"date":"2014-10-03T12:14:24","date_gmt":"2014-10-03T15:14:24","guid":{"rendered":"http:\/\/mpc.go.gov.br\/?page_id=449"},"modified":"2019-08-19T13:41:52","modified_gmt":"2019-08-19T16:41:52","slug":"institucional","status":"publish","type":"page","link":"https:\/\/mpc.ba.gov.br\/e\/institucional\/","title":{"rendered":"Institucional"},"content":{"rendered":"<ul style=\"list-style-type: circle;\">\n<li><a href=\"http:\/\/mpc.ba.gov.br\/e\/institucional\/historico\/\">Hist\u00f3rico<\/a><\/li>\n<li><a href=\"http:\/\/mpc.ba.gov.br\/e\/institucional\/estrutura-organizacional\/\">Estrutura Organizacional<\/a><\/li>\n<li><a href=\"http:\/\/mpc.ba.gov.br\/e\/institucional\/missao\/\">Miss\u00e3o<\/a><\/li>\n<li><a href=\"http:\/\/mpc.ba.gov.br\/e\/institucional\/atuacao\/\">Atua\u00e7\u00e3o<\/a><\/li>\n<li><a href=\"http:\/\/mpc.ba.gov.br\/e\/institucional\/galeria-de-ex-procuradores-gerais\/\">Galeria de ex-Procuradores-Gerais<\/a><\/li>\n<\/ul>\n","protected":false},"excerpt":{"rendered":"<p>Hist\u00f3rico Estrutura Organizacional Miss\u00e3o Atua\u00e7\u00e3o Galeria de ex-Procuradores-Gerais<\/p>\n","protected":false},"author":2,"featured_media":0,"parent":0,"menu_order":0,"comment_status":"open","ping_status":"closed","template":"page-fullwidth.php","meta":{"footnotes":""},"class_list":["post-449","page","type-page","status-publish","hentry"],"_links":{"self":[{"href":"https:\/\/mpc.ba.gov.br\/e\/wp-json\/wp\/v2\/pages\/449","targetHints":{"allow":["GET"]}}],"collection":[{"href":"https:\/\/mpc.ba.gov.br\/e\/wp-json\/wp\/v2\/pages"}],"about":[{"href":"https:\/\/mpc.ba.gov.br\/e\/wp-json\/wp\/v2\/types\/page"}],"author":[{"embeddable":true,"href":"https:\/\/mpc.ba.gov.br\/e\/wp-json\/wp\/v2\/users\/2"}],"replies":[{"embeddable":true,"href":"https:\/\/mpc.ba.gov.br\/e\/wp-json\/wp\/v2\/comments?post=449"}],"version-history":[{"count":2,"href":"https:\/\/mpc.ba.gov.br\/e\/wp-json\/wp\/v2\/pages\/449\/revisions"}],"predecessor-version":[{"id":1597,"href":"https:\/\/mpc.ba.gov.br\/e\/wp-json\/wp\/v2\/pages\/449\/revisions\/1597"}],"wp:attachment":[{"href":"https:\/\/mpc.ba.gov.br\/e\/wp-json\/wp\/v2\/media?parent=449"}],"curies":[{"name":"wp","href":"https:\/\/api.w.org\/{rel}","templated":true}]}}